on divisor of 7640 and 45150?
10
Calculate the greatest common factor of 34969129 and 17069.
1313
Calculate the greatest common factor of 1196242572 and 84.
84
What is the greatest common divisor of 71504098 and 688?
86
Calculate the highest common factor of 10896 and 132192.
48
What is the greatest common factor of 15855 and 1378671?
21
What is the greatest common divisor of 533 and 27442649?
13
Calculate the greatest common factor of 31297 and 6787767.
1841
What is the highest common divisor of 4 and 566858?
2
Calculate the highest common divisor of 4087764 and 507828.
5028
Calculate the greatest common factor of 315 and 122930815.
35
What is the greatest common factor of 259630 and 5810?
70
What is the highest common divisor of 1936 and 557488?
16
What is the highest common factor of 1989369 and 846?
423
What is the greatest common factor of 19919187 and 3?
3
What is the greatest common factor of 40 and 3041520?
40
What is the greatest common divisor of 136729 and 10951431?
1873
Calculate the highest common factor of 23731500 and 4620.
60
Calculate the highest common factor of 763 and 12262747.
7
What is the greatest common divisor of 70 and 1152166190?
70
What is the greatest common divisor of 8151 and 246392?
19
What is the highest common factor of 16500 and 10164?
132
Calculate the highest common factor of 215045 and 13284.
41
What is the greatest common factor of 5933120 and 940?
20
Calculate the highest common factor of 982239 and 9879.
111
Calculate the highest common factor of 5067565 and 5.
5
Calculate the highest common factor of 1270245 and 196080.
285
Calculate the greatest common factor of 92378 and 284206.
442
Calculate the highest common factor of 1276811 and 116303.
97
Calculate the highest common divisor of 2 and 343760222.
2
Calculate the greatest common factor of 39857192 and 8608.
2152
Calculate the greatest common factor of 54 and 672939018.
18
Calculate the greatest common factor of 1009 and 2605.
1
What is the greatest common factor of 928 and 79238208?
928
What is the highest common factor of 273 and 24290539?
91
Calculate the greatest common divisor of 1271789456 and 1776.
592
What is the greatest common divisor of 122931 and 60318?
27
What is the greatest common factor of 15484391 and 26?
13
Calculate the highest common factor of 27300 and 557025.
525
Calculate the highest common factor of 78 and 6052686.
6
Calculate the highest common factor of 23185547 and 60137.
5467
Calculate the highest common divisor of 61349675 and 7375.
1475
What is the greatest common factor of 9583847 and 6916?
1729
Calculate the highest common factor of 34984 and 10624.
8
What is the greatest common divisor of 275504 and 134000?
1072
What is the highest common divisor of 10821022 and 2?
2
Calculate the highest common divisor of 73642916 and 3082.
134
What is the greatest common factor of 10640 and 573010?
10
What is the highest common factor of 117 and 430176357?
117
What is the greatest common factor of 3808 and 6832980?
476
Calculate the highest common factor of 56051856 and 66096.
2448
What is the highest common divisor of 3225696 and 432?
48
Calculate the highest common divisor of 468 and 9153924.
156
What is the greatest common divisor of 37708 and 1723964?
44
Calculate the greatest common divisor of 120880292 and 1352.
676
What is the greatest common divisor of 9086 and 3591566?
1298
What is the highest common divisor of 160 and 270064?
16
What is the highest common divisor of 105525 and 26854002?
4221
Calculate the greatest common factor of 10633936 and 74.
2
Calculate the highest common factor of 64903 and 552467.
1583
What is the highest common divisor of 11885 and 12715?
5
Calculate the greatest common factor of 9136 and 19942746.
1142
What is the greatest common factor of 1200 and 1207440?
240
What is the highest common factor of 42 and 12772470?
6
Calculate the greatest common divisor of 567927 and 36.
9
Calculate the highest common divisor of 3100 and 261700.
100
What is the greatest common divisor of 169510 and 5044765?
3685
What is the greatest common divisor of 343 and 59224781?
343
What is the highest common divisor of 264 and 47278704?
264
What is the highest common factor of 9624749 and 3831?
1277
What is the greatest common factor of 129 and 16846067?
43
What is the greatest common factor of 730 and 188776686?
146
What is the greatest common factor of 255 and 426060?
15
What is the highest common factor of 66815997 and 10506?
309
Calculate the highest common divisor of 44672 and 601327.
349
Calculate the highest common divisor of 385 and 1136215465.
385
What is the greatest common factor of 1221603 and 959529?
4227
What is the greatest common divisor of 177718 and 19193?
17
What is the greatest common factor of 320 and 543616192?
64
What is the highest common factor of 206091 and 2500032?
1347
Calculate the highest common factor of 97838 and 1420.
142
What is the highest common divisor of 3173027 and 715?
143
What is the highest common factor of 33615 and 6360?
15
What is the greatest common divisor of 19314080 and 48?
16
Calculate the greatest common divisor of 270956166 and 34.
34
What is the greatest common factor of 1152 and 3686?
2
Calculate the greatest common factor of 2112 and 12390312.
264
What is the highest common factor of 3 and 734443?
1
What is the greatest common divisor of 344976896 and 14080?
2816
What is the highest common divisor of 944863 and 46?
23
Calculate the greatest common divisor of 63207001 and 26.
13
What is the greatest common divisor of 356041387 and 395?
79
What is the greatest common factor of 262340320 and 44000?
1760
What is the greatest common divisor of 5008 and 751513?
313
Calculate the highest common factor of 47693572 and 38.
38
Calculate the highest common factor of 9 and 11203497.
9
Calculate the greatest common divisor of 165462 and 14421.
759
Calculate the highest common divisor of 61818732 and 11016.
612
Calculate the greatest common factor of 11711 and 8296141.
49
Calculate the greatest common factor of 44903 and 2798593.
541
What is the highest common divisor of 2300 and 7487880?
460
What is the greatest common factor of 768 and 911136?
96
Calculate the greatest common divisor of 8883588 and 3162.
102
What is the highest common factor of 746100 and 152550?
450
What is the greatest common divisor of 401115 and 4150905?
1815
Calculate the highest common factor of 220416 and 76998.
246
Calculate the highest common factor of 23765 and 1621067.
49
Calculate the highest common factor of 753525 and 7880.
985
Calculate the greatest common factor of 186719 and 14893.
53
What is the highest common divisor of 333780430 and 2512?
314
What is the greatest common factor of 941376 and 1344?
192
What is the highest common factor of 13268 and 2053688?
124
What is the highest common divisor of 100 and 370312975?
25
What is the highest common divisor of 43638163 and 3569?
3569
Calculate the highest common divisor of 7406 and 22862.
322
Calculate the highest common factor of 7188 and 391620.
12
Calculate the greatest common factor of 3296 and 6136328.
824
Calculate the greatest common divisor of 366886116 and 4689.
4689
What is the highest common factor of 1029 and 61779?
3
Calculate the greatest common factor of 3157 and 303359.
287
Calculate the highest common divisor of 91 and 325251017.
91
Calculate the highest common factor of 163647 and 35757.
261
Calculate the highest common factor of 11091120 and 370.
370
Calculate the highest common divisor of 30625 and 260375.
125
What is the highest common factor of 521454 and 107424?
2238
Calculate the highest common divisor of 315 and 2969295.
105
What is the highest common divisor of 880 and 4047200?
80
Calculate the greatest common factor of 584 and 56733264.
584
What is the highest common divisor of 4972 and 108988?
44
Calculate the highest common divisor of 13419 and 9950607.
27
What is the highest common divisor of 43699 and 70043?
89
Calculate the highest common divisor of 664989 and 315237.
2301
Calculate the greatest common divisor of 156 and 1078506.
78
Calculate the greatest common divisor of 44 and 1134708.
4
What is the greatest common factor of 1476333 and 135?
27
What is the greatest common divisor of 616014080 and 10560?
3520
